{"id":197,"date":"2018-06-21T14:36:00","date_gmt":"2018-06-21T14:36:00","guid":{"rendered":"http:\/\/localhost\/Associa%C3%A7%C3%A3o%20Vinha%20da%20Rainha\/?page_id=197"},"modified":"2018-07-19T18:12:17","modified_gmt":"2018-07-19T18:12:17","slug":"btt","status":"publish","type":"page","link":"http:\/\/associacaovr.pt\/?page_id=197","title":{"rendered":"BTT"},"content":{"rendered":"<p>[et_pb_section bb_built=&#8221;1&#8243;][et_pb_row][et_pb_column type=&#8221;1_4&#8243;][et_pb_image _builder_version=&#8221;3.8.1&#8243; src=&#8221;http:\/\/associacaovr.pt\/wp-content\/uploads\/2018\/06\/image_thumb.png&#8221; \/][et_pb_image _builder_version=&#8221;3.8.1&#8243; src=&#8221;http:\/\/associacaovr.pt\/wp-content\/uploads\/2018\/06\/image_preview.jpg&#8221; \/][\/et_pb_column][et_pb_column type=&#8221;3_4&#8243;][et_pb_text _builder_version=&#8221;3.7&#8243;]<\/p>\n<table border=\"0\" width=\"100%\" cellspacing=\"0\" cellpadding=\"0\">\n<tbody>\n<tr>\n<td valign=\"top\">\n<table border=\"0\" width=\"100%\" cellspacing=\"0\" cellpadding=\"5\">\n<tbody>\n<tr>\n<td colspan=\"2\" bgcolor=\"#000000\"><strong>Informa\u00e7\u00e3o Geral<\/strong><\/td>\n<\/tr>\n<tr>\n<td><strong>Nome<\/strong><\/td>\n<td>BTT da Vinha<\/td>\n<\/tr>\n<tr>\n<td><strong>Ano de Funda\u00e7\u00e3o<\/strong><\/td>\n<td>2008<\/td>\n<\/tr>\n<tr>\n<td><strong>Local<\/strong><\/td>\n<td>Vinha da Rainha &#8211; Soure<\/td>\n<\/tr>\n<tr>\n<td><strong>Web<\/strong><\/td>\n<td><a href=\"http:\/\/bttdavinha.forumeiros.com\/\" target=\"_blank\" rel=\"noopener\">http:\/\/bttdavinha.forumeiros.com<\/a><\/td>\n<\/tr>\n<tr>\n<td valign=\"top\"><strong>Principais Eventos<\/strong><\/td>\n<td>\n<ul>\n<li>Raid BTT da Vinha<\/li>\n<li>Passeio Anivers\u00e1rio \/ Natal<\/li>\n<\/ul>\n<\/td>\n<\/tr>\n<\/tbody>\n<\/table>\n<\/td>\n<td valign=\"top\" width=\"200\">\n<table border=\"0\" width=\"100%\" cellspacing=\"0\" cellpadding=\"0\">\n<tbody>\n<tr>\n<td bgcolor=\"#000000\"><\/td>\n<\/tr>\n<tr>\n<td><img loading=\"lazy\" decoding=\"async\" src=\"http:\/\/acdsfvr.pt\/area_desportiva\/btt\/btt.jpg\/image_preview\" alt=\"\" width=\"195\" height=\"124\" \/><\/td>\n<\/tr>\n<tr>\n<td><\/td>\n<\/tr>\n<\/tbody>\n<\/table>\n<\/td>\n<\/tr>\n<\/tbody>\n<\/table>\n<p>[\/et_pb_text][\/et_pb_column][\/et_pb_row][et_pb_row][et_pb_column type=&#8221;4_4&#8243;][et_pb_text _builder_version=&#8221;3.7&#8243;]<\/p>\n<table border=\"0\" width=\"100%\" cellspacing=\"0\" cellpadding=\"5\">\n<tbody>\n<tr>\n<td bgcolor=\"#feca00\"><strong>APRESENTA\u00c7\u00c3O<br \/>\n<\/strong><\/td>\n<\/tr>\n<\/tbody>\n<\/table>\n<p>&nbsp;<\/p>\n<table border=\"0\" width=\"100%\" cellspacing=\"0\" cellpadding=\"0\">\n<tbody>\n<tr>\n<td valign=\"top\">Fruto da iniciativa de um grupo constitu\u00eddo por 5 elementos, que, j\u00e1 h\u00e1 largos anos praticavam BTT, em Dezembro de 2007 nasceu o BTTdaVinha \u2013 N\u00facleo da Associa\u00e7\u00e3o Cultural Desportiva e de Solidariedade da Freguesia de Vinha da Rainha.<\/p>\n<p>&nbsp;<\/p>\n<p>O nascimento deste N\u00facleo, visava n\u00e3o s\u00f3 permitir a esse grupo possuir uma organiza\u00e7\u00e3o interna que lhe permitisse levar a efeito diversas iniciativas, com tamb\u00e9m fomentar a pr\u00e1tica do BTT na nossa Freguesia, o que gradualmente tem sido conseguido, pois o grupo de praticantes regulares da modalidade tem-se alargado de ano para ano.<\/p>\n<p>&nbsp;<\/p>\n<p>Logo na data do seu nascimento o BTTdaVinha organizou um passeio guiado que juntou cerca de 60 participantes, e que deu inicio a uma tradi\u00e7\u00e3o de todos os anos em Dezembro se organizar um passeio de Anivers\u00e1rio\/Natal.<\/p>\n<p>&nbsp;<\/p>\n<p>Outra iniciativa que o BTTdaVinha tem levado a efeito tem sido o seu Raid anual, realizado no segundo fim-de-semana de Maio, e que contou com a presen\u00e7a de 135 atletas em 2008 e 185 em 2009. No pr\u00f3ximo dia 9 de Maio realizar-se-\u00e1 a 3.\u00aa edi\u00e7\u00e3o deste Raid.<\/p>\n<p>&nbsp;<\/p>\n<p>Regularmente, embora ainda n\u00e3o com a frequ\u00eancia desejada, o BTTdaVinha tem tamb\u00e9m organizado pequenos passeios informais, com baixo grau de dificuldade, acess\u00edveis a quem n\u00e3o tem por habito a pr\u00e1tica da modalidade, e assim contribuir para o incremento da mesma, na nossa Freguesia.<\/td>\n<td align=\"right\" valign=\"top\" width=\"310\"><img loading=\"lazy\" decoding=\"async\" src=\"http:\/\/acdsfvr.pt\/area_desportiva\/btt\/btt1.jpg\/image_preview\" alt=\"\" width=\"290\" height=\"224\" \/><\/p>\n<p><img decoding=\"async\" src=\"http:\/\/acdsfvr.pt\/area_desportiva\/btt\/btt2.jpg\" alt=\"btt2.jpg\" \/><\/td>\n<\/tr>\n<\/tbody>\n<\/table>\n<p>&nbsp;<\/p>\n<table border=\"0\" width=\"100%\" cellspacing=\"0\" cellpadding=\"5\">\n<tbody>\n<tr>\n<td bgcolor=\"#feca00\"><strong>OS NOSSOS PR\u00d3XIMOS PASSEIOS<br \/>\n<\/strong><\/td>\n<\/tr>\n<\/tbody>\n<\/table>\n<p><strong><br \/>\n3\u00ba Raid BTTdaVinha<\/strong><\/p>\n<p>No pr\u00f3ximo dia 09\/05\/2010 o BTTdaVinha &#8211; N\u00facleo BTT da Associa\u00e7\u00e3o Cultural Desportiva e de Solidariedade da Freguesia de Vinha da Rainha vai levar a efeito o seu 3.\u00ba Raid de BTT.<\/p>\n<p>Mais informa\u00e7\u00f5es\u00a0<a href=\"http:\/\/bttdavinha.forumeiros.com\/os-nossos-eventos-f4\/3-raid-bttdavinha-09-05-2010-t77.htm\" target=\"_blank\" rel=\"noopener\">AQUI<\/a><\/p>\n<p>&nbsp;<\/p>\n<p><strong>Ronda dos 5 Castelos<\/strong><\/p>\n<p>Dia 2 de Abril, elementos do BTTdaVinha, em colabora\u00e7\u00e3o com amigos dos Trepa Trilhos Team do alqueid\u00e3o est\u00e3o a organizar uma travessia de cerca de 120 KM que ir\u00e1 ligar v\u00e1rios castelos da nossa regi\u00e3o.<\/p>\n<p>Mais informa\u00e7\u00f5es\u00a0<a href=\"http:\/\/bttdavinha.forumeiros.com\/os-nossos-encontros-f3\/ronda-dos-5-castelos-02-04-2010-t84.htm\" target=\"_blank\" rel=\"noopener\">AQUI<\/a><\/p>\n<table border=\"0\" width=\"100%\" cellspacing=\"0\" cellpadding=\"5\">\n<tbody>\n<tr>\n<td bgcolor=\"#feca00\"><strong>RESCALDOS<br \/>\n<\/strong><\/td>\n<\/tr>\n<\/tbody>\n<\/table>\n<p><strong>Os nossos Eventos<\/strong><\/p>\n<p>Desde a sua cria\u00e7\u00e3o o BTTdaVinha tem organizado diversos tipos de eventos: Um raid anual, um passeio guiado de anivers\u00e1rio\/natal e v\u00e1rios passeios de convivio com a presen\u00e7a nos nossos trilhos de amigos de v\u00e1rias zonas do pa\u00eds.<\/p>\n<p>O rescaldo de alguns desses eventos pode ser visto<a href=\"http:\/\/bttdavinha.forumeiros.com\/os-nossos-rescaldos-f11\" target=\"_blank\" rel=\"noopener\">AQUI<\/a><\/p>\n<p>&nbsp;<\/p>\n<p><strong>Participa\u00e7\u00e3o do BTTdaVinha em outros eventos<\/strong><\/p>\n<p>Al\u00e9m dos eventos por n\u00f3s realizados, v\u00e1rios elementos do BTTdaVinha t\u00eam participado em outros eventos realizados um pouco por todo o lado.<\/p>\n<p>O relato dessas aventuras pode ser visto\u00a0<a href=\"http:\/\/bttdavinha.forumeiros.com\/os-rescaldos-dos-nossos-amigos-f12\/\" target=\"_blank\" rel=\"noopener\">AQUI<\/a><\/p>\n<p>[\/et_pb_text][\/et_pb_column][\/et_pb_row][\/et_pb_section]<\/p>\n","protected":false},"excerpt":{"rendered":"<p><div class=\"et_pb_row et_pb_row_0 et_pb_row_empty\">\n\t\t\t\t\n\t\t\t\t\n\t\t\t\t\n\t\t\t\t\n\t\t\t\t\n\t\t\t<\/div> Informa\u00e7\u00e3o Geral Nome BTT da Vinha Ano de Funda\u00e7\u00e3o 2008 Local Vinha da Rainha &#8211; Soure Web http:\/\/bttdavinha.forumeiros.com Principais Eventos Raid BTT da Vinha Passeio Anivers\u00e1rio \/ Natal <div class=\"et_pb_row et_pb_row_1 et_pb_row_empty\">\n\t\t\t\t\n\t\t\t\t\n\t\t\t\t\n\t\t\t\t\n\t\t\t\t\n\t\t\t<\/div> APRESENTA\u00c7\u00c3O &nbsp; Fruto da iniciativa de um grupo constitu\u00eddo por 5 elementos, que, j\u00e1 h\u00e1 largos anos praticavam BTT, em Dezembro de 2007 nasceu o [&hellip;]<\/p>\n","protected":false},"author":1,"featured_media":0,"parent":0,"menu_order":0,"comment_status":"closed","ping_status":"closed","template":"","meta":{"_et_pb_use_builder":"on","_et_pb_old_content":"","_et_gb_content_width":"","footnotes":""},"class_list":["post-197","page","type-page","status-publish","hentry"],"_links":{"self":[{"href":"http:\/\/associacaovr.pt\/index.php?rest_route=\/wp\/v2\/pages\/197","targetHints":{"allow":["GET"]}}],"collection":[{"href":"http:\/\/associacaovr.pt\/index.php?rest_route=\/wp\/v2\/pages"}],"about":[{"href":"http:\/\/associacaovr.pt\/index.php?rest_route=\/wp\/v2\/types\/page"}],"author":[{"embeddable":true,"href":"http:\/\/associacaovr.pt\/index.php?rest_route=\/wp\/v2\/users\/1"}],"replies":[{"embeddable":true,"href":"http:\/\/associacaovr.pt\/index.php?rest_route=%2Fwp%2Fv2%2Fcomments&post=197"}],"version-history":[{"count":0,"href":"http:\/\/associacaovr.pt\/index.php?rest_route=\/wp\/v2\/pages\/197\/revisions"}],"wp:attachment":[{"href":"http:\/\/associacaovr.pt\/index.php?rest_route=%2Fwp%2Fv2%2Fmedia&parent=197"}],"curies":[{"name":"wp","href":"https:\/\/api.w.org\/{rel}","templated":true}]}}

<p>[et_pb_section bb_built=&#8221;1&#8243;][et_pb_row][et_pb_column type=&#8221;1_4&#8243;][et_pb_image _builder_version=&#8221;3.8.1&#8243; src=&#8221;http://associacaovr.pt/wp-content/uploads/2018/06/image_thumb.png&#8221; /][et_pb_image _builder_version=&#8221;3.8.1&#8243; src=&#8221;http://associacaovr.pt/wp-content/uploads/2018/06/image_preview.jpg&#8221; /][/et_pb_column][et_pb_column type=&#8221;3_4&#8243;][et_pb_text _builder_version=&#8221;3.7&#8243;]</p>
<table border="0" width="100%" cellspacing="0" cellpadding="0">
<tbody>
<tr>
<td valign="top">
<table border="0" width="100%" cellspacing="0" cellpadding="5">
<tbody>
<tr>
<td colspan="2" bgcolor="#000000"><strong>Informação Geral</strong></td>
</tr>
<tr>
<td><strong>Nome</strong></td>
<td>BTT da Vinha</td>
</tr>
<tr>
<td><strong>Ano de Fundação</strong></td>
<td>2008</td>
</tr>
<tr>
<td><strong>Local</strong></td>
<td>Vinha da Rainha &#8211; Soure</td>
</tr>
<tr>
<td><strong>Web</strong></td>
<td><a href="http://bttdavinha.forumeiros.com/" target="_blank" rel="noopener">http://bttdavinha.forumeiros.com</a></td>
</tr>
<tr>
<td valign="top"><strong>Principais Eventos</strong></td>
<td>
<ul>
<li>Raid BTT da Vinha</li>
<li>Passeio Aniversário / Natal</li>
</ul>
</td>
</tr>
</tbody>
</table>
</td>
<td valign="top" width="200">
<table border="0" width="100%" cellspacing="0" cellpadding="0">
<tbody>
<tr>
<td bgcolor="#000000"></td>
</tr>
<tr>
<td><img loading="lazy" decoding="async" src="http://acdsfvr.pt/area_desportiva/btt/btt.jpg/image_preview" alt="" width="195" height="124" /></td>
</tr>
<tr>
<td></td>
</tr>
</tbody>
</table>
</td>
</tr>
</tbody>
</table>
<p>[/et_pb_text][/et_pb_column][/et_pb_row][et_pb_row][et_pb_column type=&#8221;4_4&#8243;][et_pb_text _builder_version=&#8221;3.7&#8243;]</p>
<table border="0" width="100%" cellspacing="0" cellpadding="5">
<tbody>
<tr>
<td bgcolor="#feca00"><strong>APRESENTAÇÃO<br />
</strong></td>
</tr>
</tbody>
</table>
<p>&nbsp;</p>
<table border="0" width="100%" cellspacing="0" cellpadding="0">
<tbody>
<tr>
<td valign="top">Fruto da iniciativa de um grupo constituído por 5 elementos, que, já há largos anos praticavam BTT, em Dezembro de 2007 nasceu o BTTdaVinha – Núcleo da Associação Cultural Desportiva e de Solidariedade da Freguesia de Vinha da Rainha.</p>
<p>&nbsp;</p>
<p>O nascimento deste Núcleo, visava não só permitir a esse grupo possuir uma organização interna que lhe permitisse levar a efeito diversas iniciativas, com também fomentar a prática do BTT na nossa Freguesia, o que gradualmente tem sido conseguido, pois o grupo de praticantes regulares da modalidade tem-se alargado de ano para ano.</p>
<p>&nbsp;</p>
<p>Logo na data do seu nascimento o BTTdaVinha organizou um passeio guiado que juntou cerca de 60 participantes, e que deu inicio a uma tradição de todos os anos em Dezembro se organizar um passeio de Aniversário/Natal.</p>
<p>&nbsp;</p>
<p>Outra iniciativa que o BTTdaVinha tem levado a efeito tem sido o seu Raid anual, realizado no segundo fim-de-semana de Maio, e que contou com a presença de 135 atletas em 2008 e 185 em 2009. No próximo dia 9 de Maio realizar-se-á a 3.ª edição deste Raid.</p>
<p>&nbsp;</p>
<p>Regularmente, embora ainda não com a frequência desejada, o BTTdaVinha tem também organizado pequenos passeios informais, com baixo grau de dificuldade, acessíveis a quem não tem por habito a prática da modalidade, e assim contribuir para o incremento da mesma, na nossa Freguesia.</td>
<td align="right" valign="top" width="310"><img loading="lazy" decoding="async" src="http://acdsfvr.pt/area_desportiva/btt/btt1.jpg/image_preview" alt="" width="290" height="224" /></p>
<p><img decoding="async" src="http://acdsfvr.pt/area_desportiva/btt/btt2.jpg" alt="btt2.jpg" /></td>
</tr>
</tbody>
</table>
<p>&nbsp;</p>
<table border="0" width="100%" cellspacing="0" cellpadding="5">
<tbody>
<tr>
<td bgcolor="#feca00"><strong>OS NOSSOS PRÓXIMOS PASSEIOS<br />
</strong></td>
</tr>
</tbody>
</table>
<p><strong><br />
3º Raid BTTdaVinha</strong></p>
<p>No próximo dia 09/05/2010 o BTTdaVinha &#8211; Núcleo BTT da Associação Cultural Desportiva e de Solidariedade da Freguesia de Vinha da Rainha vai levar a efeito o seu 3.º Raid de BTT.</p>
<p>Mais informações <a href="http://bttdavinha.forumeiros.com/os-nossos-eventos-f4/3-raid-bttdavinha-09-05-2010-t77.htm" target="_blank" rel="noopener">AQUI</a></p>
<p>&nbsp;</p>
<p><strong>Ronda dos 5 Castelos</strong></p>
<p>Dia 2 de Abril, elementos do BTTdaVinha, em colaboração com amigos dos Trepa Trilhos Team do alqueidão estão a organizar uma travessia de cerca de 120 KM que irá ligar vários castelos da nossa região.</p>
<p>Mais informações <a href="http://bttdavinha.forumeiros.com/os-nossos-encontros-f3/ronda-dos-5-castelos-02-04-2010-t84.htm" target="_blank" rel="noopener">AQUI</a></p>
<table border="0" width="100%" cellspacing="0" cellpadding="5">
<tbody>
<tr>
<td bgcolor="#feca00"><strong>RESCALDOS<br />
</strong></td>
</tr>
</tbody>
</table>
<p><strong>Os nossos Eventos</strong></p>
<p>Desde a sua criação o BTTdaVinha tem organizado diversos tipos de eventos: Um raid anual, um passeio guiado de aniversário/natal e vários passeios de convivio com a presença nos nossos trilhos de amigos de várias zonas do país.</p>
<p>O rescaldo de alguns desses eventos pode ser visto<a href="http://bttdavinha.forumeiros.com/os-nossos-rescaldos-f11" target="_blank" rel="noopener">AQUI</a></p>
<p>&nbsp;</p>
<p><strong>Participação do BTTdaVinha em outros eventos</strong></p>
<p>Além dos eventos por nós realizados, vários elementos do BTTdaVinha têm participado em outros eventos realizados um pouco por todo o lado.</p>
<p>O relato dessas aventuras pode ser visto <a href="http://bttdavinha.forumeiros.com/os-rescaldos-dos-nossos-amigos-f12/" target="_blank" rel="noopener">AQUI</a></p>
<p>[/et_pb_text][/et_pb_column][/et_pb_row][/et_pb_section]</p>

<p><div class="et_pb_row et_pb_row_0 et_pb_row_empty">
				
				
				
				
				
			</div> Informação Geral Nome BTT da Vinha Ano de Fundação 2008 Local Vinha da Rainha &#8211; Soure Web http://bttdavinha.forumeiros.com Principais Eventos Raid BTT da Vinha Passeio Aniversário / Natal <div class="et_pb_row et_pb_row_1 et_pb_row_empty">
				
				
				
				
				
			</div> APRESENTAÇÃO &nbsp; Fruto da iniciativa de um grupo constituído por 5 elementos, que, já há largos anos praticavam BTT, em Dezembro de 2007 nasceu o [&hellip;]</p>
