{"id":159,"date":"2018-06-21T14:23:35","date_gmt":"2018-06-21T14:23:35","guid":{"rendered":"http:\/\/localhost\/Associa%C3%A7%C3%A3o%20Vinha%20da%20Rainha\/?page_id=159"},"modified":"2024-05-21T15:58:49","modified_gmt":"2024-05-21T15:58:49","slug":"apoio-domiciliario","status":"publish","type":"page","link":"https:\/\/associacaovr.pt\/?page_id=159","title":{"rendered":"Apoio Domicili\u00e1rio"},"content":{"rendered":"<p>[et_pb_section fb_built=&#8221;1&#8243; specialty=&#8221;on&#8221; _builder_version=&#8221;4.16&#8243; global_colors_info=&#8221;{}&#8221;][et_pb_column type=&#8221;1_2&#8243; specialty_columns=&#8221;2&#8243; _builder_version=&#8221;4.16&#8243; custom_padding=&#8221;|||&#8221; global_colors_info=&#8221;{}&#8221; custom_padding__hover=&#8221;|||&#8221;][et_pb_row_inner admin_label=&#8221;Row&#8221; _builder_version=&#8221;4.16&#8243; global_colors_info=&#8221;{}&#8221;][et_pb_column_inner saved_specialty_column_type=&#8221;1_2&#8243; _builder_version=&#8221;4.16&#8243; custom_padding=&#8221;|||&#8221; global_colors_info=&#8221;{}&#8221; custom_padding__hover=&#8221;|||&#8221;][et_pb_text _builder_version=&#8221;4.16&#8243; global_colors_info=&#8221;{}&#8221;]<\/p>\n<h1 class=\"documentFirstHeading\" style=\"text-align: center;\"><span id=\"parent-fieldname-title\" class=\"\">Servi\u00e7o de Apoio Domicili\u00e1rio<\/span><\/h1>\n<div id=\"parent-fieldname-text\" class=\"\">\n<p>&nbsp;<\/p>\n<p>O Servi\u00e7o de Apoio Domicili\u00e1rio \u00e9 uma resposta social que consiste na presta\u00e7\u00e3o de cuidados individualizados e personalizados no domicilio a idosos, adultos ou fam\u00edlias, quando, por motivo de doen\u00e7a, defici\u00eancia ou outros impedimentos, n\u00e3o possam assegurar tempor\u00e1ria ou permanentemente a satisfa\u00e7\u00e3o das suas necessidades b\u00e1sicas e\/ou as atividades da vida di\u00e1ria. Este servi\u00e7o tem por objetivo contribuir para retardar e evitar a institucionaliza\u00e7\u00e3o das pessoas, prestar cuidados de ordem f\u00edsica e apoio psicossocial aos indiv\u00edduos e fam\u00edlias, de modo a contribuir para o seu equil\u00edbrio e bem-estar e, no fundo, apelar para a colabora\u00e7\u00e3o dos familiares e vizinhos para o apoio a prestar \u00e0s pessoas e fam\u00edlias.<\/p>\n<p>O servi\u00e7o de apoio domicili\u00e1rio \u00e9 assim para a comunidade da freguesia da Vinha da Rainha, um servi\u00e7o que assegura a presta\u00e7\u00e3o de cuidados de higiene e conforto, a arruma\u00e7\u00e3o e pequenas limpezas no domicilio, a confe\u00e7\u00e3o, transporte e\/ou distribui\u00e7\u00e3o de refei\u00e7\u00f5es, tratamento de roupas, assim como tamb\u00e9m o acesso a servi\u00e7os do exterior, permitindo aos utentes, nomeadamente, a aquisi\u00e7\u00e3o de medicamentos, marca\u00e7\u00e3o de consultas e outros servi\u00e7os, quando os mesmos necessitam e n\u00e3o tenham familiares que o possam fazer.<\/p>\n<p>O apoio domicili\u00e1rio iniciou a sua atividade em 1989 com um total de 20 utentes, tendo vindo progressivamente a aumentar a sua capacidade de resposta junto da comunidade e a melhorar a qualidade dos servi\u00e7os prestados. Para tal muito contribuiu candidatura da Institui\u00e7\u00e3o ao Programa de Apoio Integrado ao Idoso (PAII), criado pelo despacho conjunto dos Minist\u00e9rios da Sa\u00fade e do Emprego e da Seguran\u00e7a Social, que decorreu entre Julho de 1996 a Junho de 1998, o qual veio a permitir n\u00e3o s\u00f3 o aumento do n\u00famero de utentes e a introdu\u00e7\u00e3o de cuidados de sa\u00fade articulados com o apoio domicili\u00e1rio, como tamb\u00e9m permitiu o aumento do n\u00famero de horas\/dia e o alargamento do respetivo apoio aos 7 dias semanais, incluindo feriados.<\/p>\n<p>Atualmente a Institui\u00e7\u00e3o presta apoio a 49 utentes, distribu\u00eddos por todos os lugares da freguesia, constituindo a sua capacidade m\u00e1xima e tendo como preocupa\u00e7\u00e3o constante a presta\u00e7\u00e3o de cuidados e servi\u00e7os de qualidade \u00e0 popula\u00e7\u00e3o utente.<\/p>\n<p>Para al\u00e9m de dispor de um conjunto de servi\u00e7os (lavandaria, cozinha) e equipamentos, a Institui\u00e7\u00e3o mant\u00e9m ao servi\u00e7o desta val\u00eancia uma equipa de recursos humanos constitu\u00edda por uma 1 Diretora T\u00e9cnica\/Assistente Social (respons\u00e1vel pela supervis\u00e3o desta resposta social e das demais a funcionar na Institui\u00e7\u00e3o), 1 Animadora Cultural, 1 Encarregada de Servi\u00e7os, 2 Cozinheiras e uma Auxiliar de Cozinha, 13 Ajudantes de A\u00e7\u00e3o Direta.<\/p>\n<\/div>\n<p>[\/et_pb_text][\/et_pb_column_inner][\/et_pb_row_inner][\/et_pb_column][et_pb_column type=&#8221;1_2&#8243; _builder_version=&#8221;4.16&#8243; custom_padding=&#8221;|||&#8221; global_colors_info=&#8221;{}&#8221; custom_padding__hover=&#8221;|||&#8221;][et_pb_image src=&#8221;http:\/\/associacaovr.pt\/wp-content\/uploads\/2024\/05\/DSC02670-scaled.jpg&#8221; title_text=&#8221;DSC02670&#8243; _builder_version=&#8221;4.20.4&#8243; _module_preset=&#8221;default&#8221; global_colors_info=&#8221;{}&#8221;][\/et_pb_image][et_pb_image src=&#8221;http:\/\/associacaovr.pt\/wp-content\/uploads\/2024\/05\/20240521_090112b-scaled.jpg&#8221; _builder_version=&#8221;4.20.4&#8243; _module_preset=&#8221;default&#8221; title_text=&#8221;20240521_090112b&#8221; hover_enabled=&#8221;0&#8243; sticky_enabled=&#8221;0&#8243;][\/et_pb_image][\/et_pb_column][\/et_pb_section]<\/p>\n","protected":false},"excerpt":{"rendered":"<p>Servi\u00e7o de Apoio Domicili\u00e1rio &nbsp; O Servi\u00e7o de Apoio Domicili\u00e1rio \u00e9 uma resposta social que consiste na presta\u00e7\u00e3o de cuidados individualizados e personalizados no domicilio a idosos, adultos ou fam\u00edlias, quando, por motivo de doen\u00e7a, defici\u00eancia ou outros impedimentos, n\u00e3o possam assegurar tempor\u00e1ria ou permanentemente a satisfa\u00e7\u00e3o das suas necessidades b\u00e1sicas e\/ou as atividades da [&hellip;]<\/p>\n","protected":false},"author":1,"featured_media":0,"parent":0,"menu_order":0,"comment_status":"closed","ping_status":"closed","template":"","meta":{"_et_pb_use_builder":"on","_et_pb_old_content":"","_et_gb_content_width":"","footnotes":""},"class_list":["post-159","page","type-page","status-publish","hentry"],"_links":{"self":[{"href":"https:\/\/associacaovr.pt\/index.php?rest_route=\/wp\/v2\/pages\/159","targetHints":{"allow":["GET"]}}],"collection":[{"href":"https:\/\/associacaovr.pt\/index.php?rest_route=\/wp\/v2\/pages"}],"about":[{"href":"https:\/\/associacaovr.pt\/index.php?rest_route=\/wp\/v2\/types\/page"}],"author":[{"embeddable":true,"href":"https:\/\/associacaovr.pt\/index.php?rest_route=\/wp\/v2\/users\/1"}],"replies":[{"embeddable":true,"href":"https:\/\/associacaovr.pt\/index.php?rest_route=%2Fwp%2Fv2%2Fcomments&post=159"}],"version-history":[{"count":2,"href":"https:\/\/associacaovr.pt\/index.php?rest_route=\/wp\/v2\/pages\/159\/revisions"}],"predecessor-version":[{"id":49905,"href":"https:\/\/associacaovr.pt\/index.php?rest_route=\/wp\/v2\/pages\/159\/revisions\/49905"}],"wp:attachment":[{"href":"https:\/\/associacaovr.pt\/index.php?rest_route=%2Fwp%2Fv2%2Fmedia&parent=159"}],"curies":[{"name":"wp","href":"https:\/\/api.w.org\/{rel}","templated":true}]}}

Apoio Domiciliário

<p>[et_pb_section fb_built=&#8221;1&#8243; specialty=&#8221;on&#8221; _builder_version=&#8221;4.16&#8243; global_colors_info=&#8221;{}&#8221;][et_pb_column type=&#8221;1_2&#8243; specialty_columns=&#8221;2&#8243; _builder_version=&#8221;4.16&#8243; custom_padding=&#8221;|||&#8221; global_colors_info=&#8221;{}&#8221; custom_padding__hover=&#8221;|||&#8221;][et_pb_row_inner admin_label=&#8221;Row&#8221; _builder_version=&#8221;4.16&#8243; global_colors_info=&#8221;{}&#8221;][et_pb_column_inner saved_specialty_column_type=&#8221;1_2&#8243; _builder_version=&#8221;4.16&#8243; custom_padding=&#8221;|||&#8221; global_colors_info=&#8221;{}&#8221; custom_padding__hover=&#8221;|||&#8221;][et_pb_text _builder_version=&#8221;4.16&#8243; global_colors_info=&#8221;{}&#8221;]</p>
<h1 class="documentFirstHeading" style="text-align: center;"><span id="parent-fieldname-title" class="">Serviço de Apoio Domiciliário</span></h1>
<div id="parent-fieldname-text" class="">
<p>&nbsp;</p>
<p>O Serviço de Apoio Domiciliário é uma resposta social que consiste na prestação de cuidados individualizados e personalizados no domicilio a idosos, adultos ou famílias, quando, por motivo de doença, deficiência ou outros impedimentos, não possam assegurar temporária ou permanentemente a satisfação das suas necessidades básicas e/ou as atividades da vida diária. Este serviço tem por objetivo contribuir para retardar e evitar a institucionalização das pessoas, prestar cuidados de ordem física e apoio psicossocial aos indivíduos e famílias, de modo a contribuir para o seu equilíbrio e bem-estar e, no fundo, apelar para a colaboração dos familiares e vizinhos para o apoio a prestar às pessoas e famílias.</p>
<p>O serviço de apoio domiciliário é assim para a comunidade da freguesia da Vinha da Rainha, um serviço que assegura a prestação de cuidados de higiene e conforto, a arrumação e pequenas limpezas no domicilio, a confeção, transporte e/ou distribuição de refeições, tratamento de roupas, assim como também o acesso a serviços do exterior, permitindo aos utentes, nomeadamente, a aquisição de medicamentos, marcação de consultas e outros serviços, quando os mesmos necessitam e não tenham familiares que o possam fazer.</p>
<p>O apoio domiciliário iniciou a sua atividade em 1989 com um total de 20 utentes, tendo vindo progressivamente a aumentar a sua capacidade de resposta junto da comunidade e a melhorar a qualidade dos serviços prestados. Para tal muito contribuiu candidatura da Instituição ao Programa de Apoio Integrado ao Idoso (PAII), criado pelo despacho conjunto dos Ministérios da Saúde e do Emprego e da Segurança Social, que decorreu entre Julho de 1996 a Junho de 1998, o qual veio a permitir não só o aumento do número de utentes e a introdução de cuidados de saúde articulados com o apoio domiciliário, como também permitiu o aumento do número de horas/dia e o alargamento do respetivo apoio aos 7 dias semanais, incluindo feriados.</p>
<p>Atualmente a Instituição presta apoio a 49 utentes, distribuídos por todos os lugares da freguesia, constituindo a sua capacidade máxima e tendo como preocupação constante a prestação de cuidados e serviços de qualidade à população utente.</p>
<p>Para além de dispor de um conjunto de serviços (lavandaria, cozinha) e equipamentos, a Instituição mantém ao serviço desta valência uma equipa de recursos humanos constituída por uma 1 Diretora Técnica/Assistente Social (responsável pela supervisão desta resposta social e das demais a funcionar na Instituição), 1 Animadora Cultural, 1 Encarregada de Serviços, 2 Cozinheiras e uma Auxiliar de Cozinha, 13 Ajudantes de Ação Direta.</p>
</div>
<p>[/et_pb_text][/et_pb_column_inner][/et_pb_row_inner][/et_pb_column][et_pb_column type=&#8221;1_2&#8243; _builder_version=&#8221;4.16&#8243; custom_padding=&#8221;|||&#8221; global_colors_info=&#8221;{}&#8221; custom_padding__hover=&#8221;|||&#8221;][et_pb_image src=&#8221;http://associacaovr.pt/wp-content/uploads/2024/05/DSC02670-scaled.jpg&#8221; title_text=&#8221;DSC02670&#8243; _builder_version=&#8221;4.20.4&#8243; _module_preset=&#8221;default&#8221; global_colors_info=&#8221;{}&#8221;][/et_pb_image][et_pb_image src=&#8221;http://associacaovr.pt/wp-content/uploads/2024/05/20240521_090112b-scaled.jpg&#8221; _builder_version=&#8221;4.20.4&#8243; _module_preset=&#8221;default&#8221; title_text=&#8221;20240521_090112b&#8221; hover_enabled=&#8221;0&#8243; sticky_enabled=&#8221;0&#8243;][/et_pb_image][/et_pb_column][/et_pb_section]</p>

<p>Serviço de Apoio Domiciliário &nbsp; O Serviço de Apoio Domiciliário é uma resposta social que consiste na prestação de cuidados individualizados e personalizados no domicilio a idosos, adultos ou famílias, quando, por motivo de doença, deficiência ou outros impedimentos, não possam assegurar temporária ou permanentemente a satisfação das suas necessidades básicas e/ou as atividades da [&hellip;]</p>
