{"id":161,"date":"2018-06-21T14:23:46","date_gmt":"2018-06-21T14:23:46","guid":{"rendered":"http:\/\/localhost\/Associa%C3%A7%C3%A3o%20Vinha%20da%20Rainha\/?page_id=161"},"modified":"2024-05-17T12:23:55","modified_gmt":"2024-05-17T12:23:55","slug":"lar","status":"publish","type":"page","link":"https:\/\/associacaovr.pt\/?page_id=161","title":{"rendered":"Estrutura Residencial para Idosos (Lar)"},"content":{"rendered":"<p>[et_pb_section fb_built=&#8221;1&#8243; specialty=&#8221;on&#8221; _builder_version=&#8221;4.20.4&#8243; global_colors_info=&#8221;{}&#8221;][et_pb_column type=&#8221;1_2&#8243; specialty_columns=&#8221;2&#8243; _builder_version=&#8221;4.16&#8243; custom_padding=&#8221;|||&#8221; global_colors_info=&#8221;{}&#8221; custom_padding__hover=&#8221;|||&#8221;][et_pb_row_inner admin_label=&#8221;Row&#8221; _builder_version=&#8221;4.16&#8243; global_colors_info=&#8221;{}&#8221;][et_pb_column_inner saved_specialty_column_type=&#8221;1_2&#8243; _builder_version=&#8221;4.16&#8243; custom_padding=&#8221;|||&#8221; global_colors_info=&#8221;{}&#8221; custom_padding__hover=&#8221;|||&#8221;][et_pb_text _builder_version=&#8221;4.16&#8243; global_colors_info=&#8221;{}&#8221;]<\/p>\n<h1 class=\"documentFirstHeading\" style=\"text-align: center;\"><span id=\"parent-fieldname-title\" class=\"\">Estrutura Residencial para Idosos (Lar)<\/span><\/h1>\n<p>&nbsp;<\/p>\n<p>A Estrutura Residencial para Idosos-I (ERPI-I) foi criada a 5 de Julho de 1999 e destina-se ao acolhimento de pessoas que pelo seu estado de sa\u00fade e pela aus\u00eancia de apoio familiar, necessitam de uma resposta social deste tipo.<\/p>\n<p>Esta estrutura funciona num edif\u00edcio localizado contiguamente ao edif\u00edcio sede da Associa\u00e7\u00e3o, edif\u00edcio aproveitado de uma habita\u00e7\u00e3o constru\u00edda no in\u00edcio do s\u00e9culo e representativo da arquitetura da freguesia. Esta habita\u00e7\u00e3o, devido \u00e0 sua antiguidade, n\u00e3o possu\u00eda quaisquer condi\u00e7\u00f5es habitacionais, tendo-se procurado com a sua restaura\u00e7\u00e3o\/readapta\u00e7\u00e3o em 1998, manter a sua arquitetura original. \u00c9 uma estrutura assente em 3 pisos: cave, r\u00e9s-do-ch\u00e3o e s\u00f3t\u00e3o. A cave \u00e9 composta por 3 quartos (1 triplo e 2 individuais) e o piso do r\u00e9s-do-ch\u00e3o \u00e9 composto por um quarto duplo e 5 quartos individuais. A ERPI est\u00e1 interligada ao edif\u00edcio sede atrav\u00e9s de uma ponte a\u00e9rea, devidamente coberta e protegida de situa\u00e7\u00f5es meteorol\u00f3gicas adversas.<\/p>\n<p>\u00c9 um servi\u00e7o que visa, sobretudo, satisfazer as necessidades da freguesia da Vinha da Rainha, apresentando-se como alternativa a algum tipo de apoio domicili\u00e1rio j\u00e1 prestado por esta Associa\u00e7\u00e3o, mas que se revela insuficiente face a situa\u00e7\u00f5es de crise motivadas por doen\u00e7a muito grave. \u00c9, no entanto, uma resposta social com fraca capacidade de resposta para as necessidades de uma freguesia bastante envelhecida, tendo em conta a lista de espera atualmente existente, sendo o idoso na maior parte das vezes arrancado do seu meio familiar para instala\u00e7\u00f5es fora da comunidade e do meio onde sempre viveu. Com esta resposta social pretende a Institui\u00e7\u00e3o aumentar a oferta de servi\u00e7os de a\u00e7\u00e3o social na freguesia, visando a melhoria das condi\u00e7\u00f5es de vida social da popula\u00e7\u00e3o residente.<\/p>\n<p>Esta ERPI \u00e9, assim, uma resposta social prestada em equipamento destinada a pessoas que temporariamente, ou n\u00e3o, se encontrem incapazes de viverem sozinhas por necessidade de apoio permanente.<\/p>\n<p>A popula\u00e7\u00e3o idosa abrangida pela ERPI-I (12 utentes) \u00e9 maioritariamente feminina (66%) e com idades superiores a 80 anos (66%). Trata-se de uma popula\u00e7\u00e3o fundamentalmente migrada das outras respostas sociais existentes na institui\u00e7\u00e3o (Centro de Dia, Servi\u00e7o de Apoio Domicili\u00e1rio e Centro de Conv\u00edvio) que, face a um agravamento do seu estado de sa\u00fade, necessitam de uma resposta mais abrangente e com oferta de melhores servi\u00e7os de acompanhamento e vigil\u00e2ncia. Do ponto de vista funcional, \u00e9 portanto uma popula\u00e7\u00e3o com um n\u00edvel acentuado de depend\u00eancia, em que cerca de 75% \u00e9 acamada.<\/p>\n<p>Para a concretiza\u00e7\u00e3o\/implementa\u00e7\u00e3o desta resposta social a Institui\u00e7\u00e3o recorreu ao programa RIME (Regime de Incentivos \u00e0s Microempresas), coordenado pela Comiss\u00e3o de Coordena\u00e7\u00e3o da Regi\u00e3o Centro, tendo ainda apresentado uma candidatura para obten\u00e7\u00e3o de um subs\u00eddio, junto da C\u00e2mara Municipal de Soure, ao abrigo de uma resolu\u00e7\u00e3o da mesma, que estipulava a atribui\u00e7\u00e3o de um subs\u00eddio a IPSS&#8217;s que pretendessem realizar investimentos no \u00e2mbito da a\u00e7\u00e3o social. O custo total desta infraestrutura foi de cerca de 160.000\u20ac (32 milh\u00f5es de escudos), tendo sido 60% deste custo suportado pelo RIME, 6% financiado pela C\u00e2mara Municipal, e o valor remanescente de 34% suportado pela Associa\u00e7\u00e3o.<\/p>\n<p>Para a presta\u00e7\u00e3o de cuidados ao idoso a institui\u00e7\u00e3o disp\u00f5e de uma equipa constitu\u00edda por 1 Diretora T\u00e9cnica\/Assistente Social, 1 Enfermeira, 1 Encarregada de Servi\u00e7os, 5 Ajudantes de A\u00e7\u00e3o Direta, 1 Ajudante de Sa\u00fade, 2 Cozinheiras, 1 Ajudante de Cozinha e 1 Trabalhadora Auxiliar.<\/p>\n<p>Porque se notou, como acima j\u00e1 se referiu, uma clara insufici\u00eancia da resposta para as necessidades sociais detetadas, decidiu esta Institui\u00e7\u00e3o iniciar a constru\u00e7\u00e3o de uma nova estrutura residencial para idosos. Para a concretiza\u00e7\u00e3o deste novo projeto, contou com o apoio do Programa PARES (Programa de Alargamento da Rede de Equipamentos Sociais) e com a pol\u00edtica de apoio ao investimento social do Munic\u00edpio de Soure.<\/p>\n<p>Atualmente a Institui\u00e7\u00e3o possui outra Estrutura Residencial para Idosos, ao abrigo do Programa de Alargamento da Rede de Equipamentos Sociais (PARES), cuja candidatura viu aprovada no ano de 2006. A ERPI-II tem capacidade para 18 camas, aumentando a capacidade da estrutura residencial j\u00e1 existente.<\/p>\n<p>Tratou-se de um projeto com grande relev\u00e2ncia para a comunidade da freguesia, bastante ambicionado pela sua popula\u00e7\u00e3o idosa, uma popula\u00e7\u00e3o que reside em situa\u00e7\u00e3o de grande isolamento sociofamiliar. Pretende-se pois que, face ao agravamento das situa\u00e7\u00f5es em domic\u00edlio, o projeto venha permitir o enquadramento destes idosos nesta resposta social que disponibilizar\u00e1 servi\u00e7os de apoio permanente que o servi\u00e7o de apoio domicili\u00e1rio e o centro de dia, pela sua pr\u00f3pria estrutura e din\u00e2mica, n\u00e3o ter\u00e3o condi\u00e7\u00f5es para prestar ao idoso melhores cuidados de conforto e vigil\u00e2ncia permanentes.<\/p>\n<p>Por outro lado, tratou-se de um projeto, cuja arquitetura e infraestruturas, se enquadra no \u00e2mbito das novas exig\u00eancias legais, com respeito pelas normas reguladoras das condi\u00e7\u00f5es de instala\u00e7\u00e3o e funcionamento das ERPI&#8217;s, tendo em vista que o exerc\u00edcio das atividades de apoio social sejam propiciadoras de um ambiente de conv\u00edvio e de participa\u00e7\u00e3o gerador de bem-estar social e de uma viv\u00eancia saud\u00e1vel no equipamento e, fundamentalmente, a oferta de boas condi\u00e7\u00f5es de acessibilidade, seguran\u00e7a, privacidade e conforto.<\/p>\n<p>Neste edif\u00edcio funcionam todos os servi\u00e7os de apoio ao utente (atualmente a funcionar no edif\u00edcio sede), nomeadamente, gabinete m\u00e9dico\/tratamentos\/\u00e1rea de conv\u00edvio\/atividades\/servi\u00e7o de refei\u00e7\u00f5es\/tratamento de roupas, entre outros, servi\u00e7os estes que permitem aos utentes a oferta de servi\u00e7os de melhor qualidade.<\/p>\n<p>A Associa\u00e7\u00e3o Cultural Desportiva e de Solidariedade da Freguesia da Vinha da Rainha, apresentou em abril de 2018 uma candidatura ao Programa CENTRO 2020, tendo a mesma como principal objetivo a remodela\u00e7\u00e3o e reabilita\u00e7\u00e3o da ERPI I, atrav\u00e9s da melhoria da infraestrutura existente, permitindo a proximidade aos cuidados, contribuindo para um envelhecimento mais ativo e saud\u00e1vel.<\/p>\n<p>Este projeto visa contribuir para o aumento dos n\u00edveis de qualidade dos servi\u00e7os prestados, atrav\u00e9s, essencialmente, da demoli\u00e7\u00e3o do interior do edif\u00edcio original que \u00e9 constitu\u00eddo por uma estrutura de madeira e que apresenta alguns sinais de degrada\u00e7\u00e3o, reconstru\u00e7\u00e3o das lajes e das coberturas.<\/p>\n<p>O Projeto obteve aprova\u00e7\u00e3o por parte do Centro 2020.<br \/>\n[\/et_pb_text][\/et_pb_column_inner][\/et_pb_row_inner][\/et_pb_column][et_pb_column type=&#8221;1_2&#8243; _builder_version=&#8221;4.16&#8243; custom_padding=&#8221;|||&#8221; global_colors_info=&#8221;{}&#8221; custom_padding__hover=&#8221;|||&#8221;][et_pb_image src=&#8221;http:\/\/associacaovr.pt\/wp-content\/uploads\/2018\/06\/MG_5854.jpg&#8221; title_text=&#8221;_MG_5854&#8243; _builder_version=&#8221;4.20.4&#8243; _module_preset=&#8221;default&#8221; global_colors_info=&#8221;{}&#8221;][\/et_pb_image][et_pb_image src=&#8221;http:\/\/associacaovr.pt\/wp-content\/uploads\/2024\/05\/Quarto-duplo.jpg&#8221; _builder_version=&#8221;4.20.4&#8243; _module_preset=&#8221;default&#8221; title_text=&#8221;Quarto duplo&#8221; hover_enabled=&#8221;0&#8243; sticky_enabled=&#8221;0&#8243;][\/et_pb_image][et_pb_image src=&#8221;http:\/\/associacaovr.pt\/wp-content\/uploads\/2024\/05\/Sala-de-Estar.png&#8221; _builder_version=&#8221;4.20.4&#8243; _module_preset=&#8221;default&#8221; title_text=&#8221;Sala de Estar&#8221;][\/et_pb_image][\/et_pb_column][\/et_pb_section]<\/p>\n","protected":false},"excerpt":{"rendered":"<p>Estrutura Residencial para Idosos (Lar) &nbsp; A Estrutura Residencial para Idosos-I (ERPI-I) foi criada a 5 de Julho de 1999 e destina-se ao acolhimento de pessoas que pelo seu estado de sa\u00fade e pela aus\u00eancia de apoio familiar, necessitam de uma resposta social deste tipo. Esta estrutura funciona num edif\u00edcio localizado contiguamente ao edif\u00edcio sede [&hellip;]<\/p>\n","protected":false},"author":1,"featured_media":49674,"parent":0,"menu_order":0,"comment_status":"closed","ping_status":"closed","template":"","meta":{"_et_pb_use_builder":"on","_et_pb_old_content":"","_et_gb_content_width":"","footnotes":""},"class_list":["post-161","page","type-page","status-publish","has-post-thumbnail","hentry"],"_links":{"self":[{"href":"https:\/\/associacaovr.pt\/index.php?rest_route=\/wp\/v2\/pages\/161","targetHints":{"allow":["GET"]}}],"collection":[{"href":"https:\/\/associacaovr.pt\/index.php?rest_route=\/wp\/v2\/pages"}],"about":[{"href":"https:\/\/associacaovr.pt\/index.php?rest_route=\/wp\/v2\/types\/page"}],"author":[{"embeddable":true,"href":"https:\/\/associacaovr.pt\/index.php?rest_route=\/wp\/v2\/users\/1"}],"replies":[{"embeddable":true,"href":"https:\/\/associacaovr.pt\/index.php?rest_route=%2Fwp%2Fv2%2Fcomments&post=161"}],"version-history":[{"count":4,"href":"https:\/\/associacaovr.pt\/index.php?rest_route=\/wp\/v2\/pages\/161\/revisions"}],"predecessor-version":[{"id":49735,"href":"https:\/\/associacaovr.pt\/index.php?rest_route=\/wp\/v2\/pages\/161\/revisions\/49735"}],"wp:featuredmedia":[{"embeddable":true,"href":"https:\/\/associacaovr.pt\/index.php?rest_route=\/"}],"wp:attachment":[{"href":"https:\/\/associacaovr.pt\/index.php?rest_route=%2Fwp%2Fv2%2Fmedia&parent=161"}],"curies":[{"name":"wp","href":"https:\/\/api.w.org\/{rel}","templated":true}]}}

<p>[et_pb_section fb_built=&#8221;1&#8243; specialty=&#8221;on&#8221; _builder_version=&#8221;4.20.4&#8243; global_colors_info=&#8221;{}&#8221;][et_pb_column type=&#8221;1_2&#8243; specialty_columns=&#8221;2&#8243; _builder_version=&#8221;4.16&#8243; custom_padding=&#8221;|||&#8221; global_colors_info=&#8221;{}&#8221; custom_padding__hover=&#8221;|||&#8221;][et_pb_row_inner admin_label=&#8221;Row&#8221; _builder_version=&#8221;4.16&#8243; global_colors_info=&#8221;{}&#8221;][et_pb_column_inner saved_specialty_column_type=&#8221;1_2&#8243; _builder_version=&#8221;4.16&#8243; custom_padding=&#8221;|||&#8221; global_colors_info=&#8221;{}&#8221; custom_padding__hover=&#8221;|||&#8221;][et_pb_text _builder_version=&#8221;4.16&#8243; global_colors_info=&#8221;{}&#8221;]</p>
<h1 class="documentFirstHeading" style="text-align: center;"><span id="parent-fieldname-title" class="">Estrutura Residencial para Idosos (Lar)</span></h1>
<p>&nbsp;</p>
<p>A Estrutura Residencial para Idosos-I (ERPI-I) foi criada a 5 de Julho de 1999 e destina-se ao acolhimento de pessoas que pelo seu estado de saúde e pela ausência de apoio familiar, necessitam de uma resposta social deste tipo.</p>
<p>Esta estrutura funciona num edifício localizado contiguamente ao edifício sede da Associação, edifício aproveitado de uma habitação construída no início do século e representativo da arquitetura da freguesia. Esta habitação, devido à sua antiguidade, não possuía quaisquer condições habitacionais, tendo-se procurado com a sua restauração/readaptação em 1998, manter a sua arquitetura original. É uma estrutura assente em 3 pisos: cave, rés-do-chão e sótão. A cave é composta por 3 quartos (1 triplo e 2 individuais) e o piso do rés-do-chão é composto por um quarto duplo e 5 quartos individuais. A ERPI está interligada ao edifício sede através de uma ponte aérea, devidamente coberta e protegida de situações meteorológicas adversas.</p>
<p>É um serviço que visa, sobretudo, satisfazer as necessidades da freguesia da Vinha da Rainha, apresentando-se como alternativa a algum tipo de apoio domiciliário já prestado por esta Associação, mas que se revela insuficiente face a situações de crise motivadas por doença muito grave. É, no entanto, uma resposta social com fraca capacidade de resposta para as necessidades de uma freguesia bastante envelhecida, tendo em conta a lista de espera atualmente existente, sendo o idoso na maior parte das vezes arrancado do seu meio familiar para instalações fora da comunidade e do meio onde sempre viveu. Com esta resposta social pretende a Instituição aumentar a oferta de serviços de ação social na freguesia, visando a melhoria das condições de vida social da população residente.</p>
<p>Esta ERPI é, assim, uma resposta social prestada em equipamento destinada a pessoas que temporariamente, ou não, se encontrem incapazes de viverem sozinhas por necessidade de apoio permanente.</p>
<p>A população idosa abrangida pela ERPI-I (12 utentes) é maioritariamente feminina (66%) e com idades superiores a 80 anos (66%). Trata-se de uma população fundamentalmente migrada das outras respostas sociais existentes na instituição (Centro de Dia, Serviço de Apoio Domiciliário e Centro de Convívio) que, face a um agravamento do seu estado de saúde, necessitam de uma resposta mais abrangente e com oferta de melhores serviços de acompanhamento e vigilância. Do ponto de vista funcional, é portanto uma população com um nível acentuado de dependência, em que cerca de 75% é acamada.</p>
<p>Para a concretização/implementação desta resposta social a Instituição recorreu ao programa RIME (Regime de Incentivos às Microempresas), coordenado pela Comissão de Coordenação da Região Centro, tendo ainda apresentado uma candidatura para obtenção de um subsídio, junto da Câmara Municipal de Soure, ao abrigo de uma resolução da mesma, que estipulava a atribuição de um subsídio a IPSS&#8217;s que pretendessem realizar investimentos no âmbito da ação social. O custo total desta infraestrutura foi de cerca de 160.000€ (32 milhões de escudos), tendo sido 60% deste custo suportado pelo RIME, 6% financiado pela Câmara Municipal, e o valor remanescente de 34% suportado pela Associação.</p>
<p>Para a prestação de cuidados ao idoso a instituição dispõe de uma equipa constituída por 1 Diretora Técnica/Assistente Social, 1 Enfermeira, 1 Encarregada de Serviços, 5 Ajudantes de Ação Direta, 1 Ajudante de Saúde, 2 Cozinheiras, 1 Ajudante de Cozinha e 1 Trabalhadora Auxiliar.</p>
<p>Porque se notou, como acima já se referiu, uma clara insuficiência da resposta para as necessidades sociais detetadas, decidiu esta Instituição iniciar a construção de uma nova estrutura residencial para idosos. Para a concretização deste novo projeto, contou com o apoio do Programa PARES (Programa de Alargamento da Rede de Equipamentos Sociais) e com a política de apoio ao investimento social do Município de Soure.</p>
<p>Atualmente a Instituição possui outra Estrutura Residencial para Idosos, ao abrigo do Programa de Alargamento da Rede de Equipamentos Sociais (PARES), cuja candidatura viu aprovada no ano de 2006. A ERPI-II tem capacidade para 18 camas, aumentando a capacidade da estrutura residencial já existente.</p>
<p>Tratou-se de um projeto com grande relevância para a comunidade da freguesia, bastante ambicionado pela sua população idosa, uma população que reside em situação de grande isolamento sociofamiliar. Pretende-se pois que, face ao agravamento das situações em domicílio, o projeto venha permitir o enquadramento destes idosos nesta resposta social que disponibilizará serviços de apoio permanente que o serviço de apoio domiciliário e o centro de dia, pela sua própria estrutura e dinâmica, não terão condições para prestar ao idoso melhores cuidados de conforto e vigilância permanentes.</p>
<p>Por outro lado, tratou-se de um projeto, cuja arquitetura e infraestruturas, se enquadra no âmbito das novas exigências legais, com respeito pelas normas reguladoras das condições de instalação e funcionamento das ERPI&#8217;s, tendo em vista que o exercício das atividades de apoio social sejam propiciadoras de um ambiente de convívio e de participação gerador de bem-estar social e de uma vivência saudável no equipamento e, fundamentalmente, a oferta de boas condições de acessibilidade, segurança, privacidade e conforto.</p>
<p>Neste edifício funcionam todos os serviços de apoio ao utente (atualmente a funcionar no edifício sede), nomeadamente, gabinete médico/tratamentos/área de convívio/atividades/serviço de refeições/tratamento de roupas, entre outros, serviços estes que permitem aos utentes a oferta de serviços de melhor qualidade.</p>
<p>A Associação Cultural Desportiva e de Solidariedade da Freguesia da Vinha da Rainha, apresentou em abril de 2018 uma candidatura ao Programa CENTRO 2020, tendo a mesma como principal objetivo a remodelação e reabilitação da ERPI I, através da melhoria da infraestrutura existente, permitindo a proximidade aos cuidados, contribuindo para um envelhecimento mais ativo e saudável.</p>
<p>Este projeto visa contribuir para o aumento dos níveis de qualidade dos serviços prestados, através, essencialmente, da demolição do interior do edifício original que é constituído por uma estrutura de madeira e que apresenta alguns sinais de degradação, reconstrução das lajes e das coberturas.</p>
<p>O Projeto obteve aprovação por parte do Centro 2020.<br />
[/et_pb_text][/et_pb_column_inner][/et_pb_row_inner][/et_pb_column][et_pb_column type=&#8221;1_2&#8243; _builder_version=&#8221;4.16&#8243; custom_padding=&#8221;|||&#8221; global_colors_info=&#8221;{}&#8221; custom_padding__hover=&#8221;|||&#8221;][et_pb_image src=&#8221;http://associacaovr.pt/wp-content/uploads/2018/06/MG_5854.jpg&#8221; title_text=&#8221;_MG_5854&#8243; _builder_version=&#8221;4.20.4&#8243; _module_preset=&#8221;default&#8221; global_colors_info=&#8221;{}&#8221;][/et_pb_image][et_pb_image src=&#8221;http://associacaovr.pt/wp-content/uploads/2024/05/Quarto-duplo.jpg&#8221; _builder_version=&#8221;4.20.4&#8243; _module_preset=&#8221;default&#8221; title_text=&#8221;Quarto duplo&#8221; hover_enabled=&#8221;0&#8243; sticky_enabled=&#8221;0&#8243;][/et_pb_image][et_pb_image src=&#8221;http://associacaovr.pt/wp-content/uploads/2024/05/Sala-de-Estar.png&#8221; _builder_version=&#8221;4.20.4&#8243; _module_preset=&#8221;default&#8221; title_text=&#8221;Sala de Estar&#8221;][/et_pb_image][/et_pb_column][/et_pb_section]</p>

<p>Estrutura Residencial para Idosos (Lar) &nbsp; A Estrutura Residencial para Idosos-I (ERPI-I) foi criada a 5 de Julho de 1999 e destina-se ao acolhimento de pessoas que pelo seu estado de saúde e pela ausência de apoio familiar, necessitam de uma resposta social deste tipo. Esta estrutura funciona num edifício localizado contiguamente ao edifício sede [&hellip;]</p>
