{"id":30,"date":"2018-06-19T15:42:49","date_gmt":"2018-06-19T15:42:49","guid":{"rendered":"http:\/\/localhost\/Associa%C3%A7%C3%A3o%20Vinha%20da%20Rainha\/?page_id=30"},"modified":"2024-05-23T09:34:01","modified_gmt":"2024-05-23T09:34:01","slug":"formacao","status":"publish","type":"page","link":"https:\/\/associacaovr.pt\/?page_id=30","title":{"rendered":"Forma\u00e7\u00e3o"},"content":{"rendered":"<p>[et_pb_section fb_built=&#8221;1&#8243; _builder_version=&#8221;4.16&#8243; global_colors_info=&#8221;{}&#8221;][et_pb_row _builder_version=&#8221;4.16&#8243; custom_padding=&#8221;||0px|||&#8221; global_colors_info=&#8221;{}&#8221;][et_pb_column type=&#8221;4_4&#8243; _builder_version=&#8221;4.16&#8243; custom_padding=&#8221;|||&#8221; global_colors_info=&#8221;{}&#8221; custom_padding__hover=&#8221;|||&#8221;][et_pb_text _builder_version=&#8221;4.16&#8243; global_colors_info=&#8221;{}&#8221; custom_margin=&#8221;||57px|||&#8221;]<\/p>\n<p>A Associa\u00e7\u00e3o Cultural Desportiva e de Solidariedade da Freguesia da Vinha da Rainha tem diversas atividades que contribuem diretamente para o desenvolvimento profissional, social e cultural da regi\u00e3o envolvente e que respondem \u00e0s necessidades do contexto local, destacando-se a forma\u00e7\u00e3o como um eixo da Institui\u00e7\u00e3o com um projeto corrente muito s\u00f3lido.<\/p>\n<p>A Forma\u00e7\u00e3o Profissional da ACDSFVR funciona desde 17 de outubro de 2005, uma primeira renova\u00e7\u00e3o em 31 de outubro de 2006, uma segunda acredita\u00e7\u00e3o renovada a 18 de outubro de 2009 pela Dire\u00e7\u00e3o-Geral do Emprego e das Rela\u00e7\u00f5es de Trabalho (DGERT).<\/p>\n<p style=\"text-align: left;\">\n<p>A Entidade Formadora est\u00e1 certificada pela DGERT para as seguintes \u00e1reas de forma\u00e7\u00e3o:<\/p>\n<ul>\n<li>\u00a0<span style=\"font-size: 14px;\">090 \u2013 Desenvolvimento Pessoal;<\/span><\/li>\n<li>481 \u2013 Ci\u00eancias Inform\u00e1ticas;<\/li>\n<li>621 \u2013 Produ\u00e7\u00e3o Agr\u00edcola e Animal;<\/li>\n<li>761 \u2013 Servi\u00e7o de Apoio a Crian\u00e7as e Jovens;<\/li>\n<li>762 \u2013 Trabalho Social e Orienta\u00e7\u00e3o;<\/li>\n<li>811 \u2013 Hotelaria e Restaura\u00e7\u00e3o;<\/li>\n<li>347 \u2013 Enquadramento na Organiza\u00e7\u00e3o;<\/li>\n<li>729 \u2013 Sa\u00fade;<\/li>\n<li>861 \u2013 Seguran\u00e7a e higiene no trabalho.<\/li>\n<\/ul>\n<p>&nbsp;<\/p>\n<p>\u00c9 tamb\u00e9m uma Entidade Certificada pela Dire\u00e7\u00e3o Geral de Agricultura e Desenvolvimento Rural (DGADR) na \u00e1rea da Distribui\u00e7\u00e3o, Venda e Aplica\u00e7\u00e3o de Produtos Fitofarmac\u00eauticos e na \u00e1rea da Mecaniza\u00e7\u00e3o agr\u00edcola e condu\u00e7\u00e3o de ve\u00edculos agr\u00edcolas.<\/p>\n<p>A ACDSFVR, pretende, assim, oferecer um servi\u00e7o de qualidade no dom\u00ednio da forma\u00e7\u00e3o, que responda \u00e0s necessidades de forma\u00e7\u00e3o das entidades parceiras, ou que promova uma oferta \u00e0 comunidade que responda \u00e0s suas necessidades de empregabilidade e\/ou de inclus\u00e3o social, tendendo ao contexto territorial e \u00e0s necessidades do tecido econ\u00f3mico regional.<\/p>\n<p>\u00a0A atividade formativa da ACDSFVR tem incidido na oferta formativa dispon\u00edvel no Cat\u00e1logo Nacional de Qualifica\u00e7\u00f5es.<\/p>\n<ul>\n<li>\u00a0<strong style=\"font-size: 14px;\">Cursos de Educa\u00e7\u00e3o e Forma\u00e7\u00e3o de Adultos (EFA);<\/strong><\/li>\n<li><strong>Forma\u00e7\u00f5es Modulares Certificadas;<\/strong><\/li>\n<li><strong>Capacita\u00e7\u00e3o para a Inclus\u00e3o;<\/strong><\/li>\n<li><strong>Distribui\u00e7\u00e3o, Venda e Aplica\u00e7\u00e3o de Produtos Fitofarmac\u00eauticos; <\/strong><\/li>\n<li><strong>Mecaniza\u00e7\u00e3o agr\u00edcola e condu\u00e7\u00e3o de ve\u00edculos agr\u00edcolas<\/strong><\/li>\n<li><strong>Medida Cheque-Forma\u00e7\u00e3o<\/strong><strong><\/strong><\/li>\n<\/ul>\n<p><strong><\/strong><\/p>\n<p><strong><\/strong><\/p>\n<p><strong><\/strong><\/p>\n<p><a href=\"https:\/\/www.facebook.com\/people\/Associa%C3%A7%C3%A3o-Cultural-Desportiva-de-Solidariedade-Vinha-da-Rainha\/100054506737482\/?hc_ref=ARRggUgM6O8_2JeXjzXGLQyCNcfsPHA2CIg1aKVNds-mg53AC6_QZx8bdPZid5MEiyI&amp;fref=nf&amp;__xts__[0]=68.ARB9GRjerTkElvYDFwjpAcNNcOf-r_FOCFLCUPLNs_21J6EpEnVn4cb3weQHqCeKSF06AKPNKggnSvIm8ZX5ituLywlnbypZZdGElDq1-z3Ro7tHJYB8Y_qSrcNSll-DqWqwAiK5CaKQNLgBF26ri1aGx8Q0MzeFCru2rRB0GtyYCx1dFGy8st--7Z2yhlmF1mCVEgrfkRGNqMGID81r_5GYvT3tpSMJsklNT2Qj8LpV_XA0a6_Z0MErPbsMdN8W-uuaBmKukkDjiu_AGfPI9e8JxA4aGjJ_5WKGxKDmAqKy19jAMy_0O3DM4KcEXy3Bnu2-8TYbe11k92bH1NjRO5eXVRjYT2OAGjyYPyOPdL3GEKjx1Prrv1WV8kgn4uOnTeSxVgHZU8CghvfJDgFTo0k8-YQ\"><span style=\"text-decoration: underline;\"><strong>S<\/strong><\/span><span style=\"text-decoration: underline;\"><strong>iga-nos no Facebook<\/strong><\/span><\/a><\/p>\n<p>[\/et_pb_text][\/et_pb_column][\/et_pb_row][et_pb_row column_structure=&#8221;1_2,1_2&#8243; _builder_version=&#8221;4.20.4&#8243; _module_preset=&#8221;default&#8221; custom_margin=&#8221;-3px|auto||auto||&#8221; global_colors_info=&#8221;{}&#8221;][et_pb_column type=&#8221;1_2&#8243; _builder_version=&#8221;4.20.4&#8243; _module_preset=&#8221;default&#8221; global_colors_info=&#8221;{}&#8221;][et_pb_image src=&#8221;http:\/\/associacaovr.pt\/wp-content\/uploads\/2024\/05\/DGERT-logo.png&#8221; title_text=&#8221;DGERT logo&#8221; _builder_version=&#8221;4.20.4&#8243; _module_preset=&#8221;default&#8221; custom_padding=&#8221;|300px||||&#8221; global_colors_info=&#8221;{}&#8221;][\/et_pb_image][\/et_pb_column][et_pb_column type=&#8221;1_2&#8243; _builder_version=&#8221;4.20.4&#8243; _module_preset=&#8221;default&#8221; global_colors_info=&#8221;{}&#8221;][et_pb_image src=&#8221;http:\/\/associacaovr.pt\/wp-content\/uploads\/2024\/05\/DGADR-logo.png&#8221; title_text=&#8221;DGADR &#8211; logo&#8221; _builder_version=&#8221;4.20.4&#8243; _module_preset=&#8221;default&#8221; width=&#8221;100%&#8221; custom_margin=&#8221;|||-391px||&#8221; custom_padding=&#8221;||23px|||&#8221; global_colors_info=&#8221;{}&#8221;][\/et_pb_image][\/et_pb_column][\/et_pb_row][et_pb_row column_structure=&#8221;1_3,1_3,1_3&#8243; _builder_version=&#8221;4.16&#8243; background_size=&#8221;initial&#8221; background_position=&#8221;top_left&#8221; background_repeat=&#8221;repeat&#8221; custom_margin=&#8221;42px|auto||auto||&#8221; global_colors_info=&#8221;{}&#8221;][et_pb_column type=&#8221;1_3&#8243; _builder_version=&#8221;4.16&#8243; custom_padding=&#8221;|||&#8221; global_colors_info=&#8221;{}&#8221; custom_padding__hover=&#8221;|||&#8221;][et_pb_blurb title=&#8221;EFA&#8221; url=&#8221;http:\/\/associacaovr.pt\/Associa%C3%A7%C3%A3o%20Vinha%20da%20Rainha\/index.php\/efa\/&#8221; image=&#8221;http:\/\/associacaovr.pt\/wp-content\/uploads\/2018\/06\/EFA-2.png&#8221; image_icon_width=&#8221;203%&#8221; content_max_width=&#8221;606px&#8221; _builder_version=&#8221;4.16&#8243; header_text_align=&#8221;center&#8221; image_max_width=&#8221;203%&#8221; global_colors_info=&#8221;{}&#8221;]<\/p>\n<h6 class=\"documentFirstHeading\" style=\"text-align: center;\"><span id=\"parent-fieldname-title\" class=\"\">Cursos de Educa\u00e7\u00e3o de Adultos<\/span><\/h6>\n<p class=\"documentDescription\">[\/et_pb_blurb][\/et_pb_column][et_pb_column type=&#8221;1_3&#8243; _builder_version=&#8221;4.16&#8243; custom_padding=&#8221;|||&#8221; global_colors_info=&#8221;{}&#8221; custom_padding__hover=&#8221;|||&#8221;][et_pb_blurb title=&#8221;Modulares&#8221; url=&#8221;http:\/\/associacaovr.pt\/Associa%C3%A7%C3%A3o%20Vinha%20da%20Rainha\/index.php\/modulares\/&#8221; image=&#8221;http:\/\/associacaovr.pt\/wp-content\/uploads\/2018\/07\/transferir.jpg&#8221; content_max_width=&#8221;634px&#8221; _builder_version=&#8221;4.16&#8243; header_text_align=&#8221;center&#8221; custom_margin=&#8221;50px|||&#8221; global_colors_info=&#8221;{}&#8221;]<\/p>\n<p style=\"text-align: center;\">Forma\u00e7\u00f5es Modulares Certificadas<\/p>\n<p>&nbsp;<\/p>\n<p class=\"documentDescription\">[\/et_pb_blurb][\/et_pb_column][et_pb_column type=&#8221;1_3&#8243; _builder_version=&#8221;4.16&#8243; custom_padding=&#8221;|||&#8221; global_colors_info=&#8221;{}&#8221; custom_padding__hover=&#8221;|||&#8221;][et_pb_blurb title=&#8221;Cheque-Forma\u00e7\u00e3o&#8221; url=&#8221;http:\/\/associacaovr.pt\/medida-cheque-formacao\/&#8221; url_new_window=&#8221;on&#8221; image=&#8221;http:\/\/associacaovr.pt\/wp-content\/uploads\/2019\/04\/850_400_formacao-de-formadores.jpg&#8221; _builder_version=&#8221;4.16&#8243; text_orientation=&#8221;center&#8221; custom_padding=&#8221;50px|||&#8221; global_colors_info=&#8221;{}&#8221;]<\/p>\n<p style=\"text-align: center;\">Medida Cheque-Forma\u00e7\u00e3o<\/p>\n<p class=\"documentDescription\">[\/et_pb_blurb][\/et_pb_column][\/et_pb_row][\/et_pb_section]<\/p>\n","protected":false},"excerpt":{"rendered":"<p>A Associa\u00e7\u00e3o Cultural Desportiva e de Solidariedade da Freguesia da Vinha da Rainha tem diversas atividades que contribuem diretamente para o desenvolvimento profissional, social e cultural da regi\u00e3o envolvente e que respondem \u00e0s necessidades do contexto local, destacando-se a forma\u00e7\u00e3o como um eixo da Institui\u00e7\u00e3o com um projeto corrente muito s\u00f3lido. A Forma\u00e7\u00e3o Profissional da [&hellip;]<\/p>\n","protected":false},"author":1,"featured_media":0,"parent":0,"menu_order":0,"comment_status":"closed","ping_status":"closed","template":"","meta":{"_et_pb_use_builder":"on","_et_pb_old_content":"","_et_gb_content_width":"","footnotes":""},"class_list":["post-30","page","type-page","status-publish","hentry"],"_links":{"self":[{"href":"https:\/\/associacaovr.pt\/index.php?rest_route=\/wp\/v2\/pages\/30","targetHints":{"allow":["GET"]}}],"collection":[{"href":"https:\/\/associacaovr.pt\/index.php?rest_route=\/wp\/v2\/pages"}],"about":[{"href":"https:\/\/associacaovr.pt\/index.php?rest_route=\/wp\/v2\/types\/page"}],"author":[{"embeddable":true,"href":"https:\/\/associacaovr.pt\/index.php?rest_route=\/wp\/v2\/users\/1"}],"replies":[{"embeddable":true,"href":"https:\/\/associacaovr.pt\/index.php?rest_route=%2Fwp%2Fv2%2Fcomments&post=30"}],"version-history":[{"count":7,"href":"https:\/\/associacaovr.pt\/index.php?rest_route=\/wp\/v2\/pages\/30\/revisions"}],"predecessor-version":[{"id":49909,"href":"https:\/\/associacaovr.pt\/index.php?rest_route=\/wp\/v2\/pages\/30\/revisions\/49909"}],"wp:attachment":[{"href":"https:\/\/associacaovr.pt\/index.php?rest_route=%2Fwp%2Fv2%2Fmedia&parent=30"}],"curies":[{"name":"wp","href":"https:\/\/api.w.org\/{rel}","templated":true}]}}

Formação

<p>[et_pb_section fb_built=&#8221;1&#8243; _builder_version=&#8221;4.16&#8243; global_colors_info=&#8221;{}&#8221;][et_pb_row _builder_version=&#8221;4.16&#8243; custom_padding=&#8221;||0px|||&#8221; global_colors_info=&#8221;{}&#8221;][et_pb_column type=&#8221;4_4&#8243; _builder_version=&#8221;4.16&#8243; custom_padding=&#8221;|||&#8221; global_colors_info=&#8221;{}&#8221; custom_padding__hover=&#8221;|||&#8221;][et_pb_text _builder_version=&#8221;4.16&#8243; global_colors_info=&#8221;{}&#8221; custom_margin=&#8221;||57px|||&#8221;]</p>
<p>A Associação Cultural Desportiva e de Solidariedade da Freguesia da Vinha da Rainha tem diversas atividades que contribuem diretamente para o desenvolvimento profissional, social e cultural da região envolvente e que respondem às necessidades do contexto local, destacando-se a formação como um eixo da Instituição com um projeto corrente muito sólido.</p>
<p>A Formação Profissional da ACDSFVR funciona desde 17 de outubro de 2005, uma primeira renovação em 31 de outubro de 2006, uma segunda acreditação renovada a 18 de outubro de 2009 pela Direção-Geral do Emprego e das Relações de Trabalho (DGERT).</p>
<p style="text-align: left;">
<p>A Entidade Formadora está certificada pela DGERT para as seguintes áreas de formação:</p>
<ul>
<li> <span style="font-size: 14px;">090 – Desenvolvimento Pessoal;</span></li>
<li>481 – Ciências Informáticas;</li>
<li>621 – Produção Agrícola e Animal;</li>
<li>761 – Serviço de Apoio a Crianças e Jovens;</li>
<li>762 – Trabalho Social e Orientação;</li>
<li>811 – Hotelaria e Restauração;</li>
<li>347 – Enquadramento na Organização;</li>
<li>729 – Saúde;</li>
<li>861 – Segurança e higiene no trabalho.</li>
</ul>
<p>&nbsp;</p>
<p>É também uma Entidade Certificada pela Direção Geral de Agricultura e Desenvolvimento Rural (DGADR) na área da Distribuição, Venda e Aplicação de Produtos Fitofarmacêuticos e na área da Mecanização agrícola e condução de veículos agrícolas.</p>
<p>A ACDSFVR, pretende, assim, oferecer um serviço de qualidade no domínio da formação, que responda às necessidades de formação das entidades parceiras, ou que promova uma oferta à comunidade que responda às suas necessidades de empregabilidade e/ou de inclusão social, tendendo ao contexto territorial e às necessidades do tecido económico regional.</p>
<p> A atividade formativa da ACDSFVR tem incidido na oferta formativa disponível no Catálogo Nacional de Qualificações.</p>
<ul>
<li> <strong style="font-size: 14px;">Cursos de Educação e Formação de Adultos (EFA);</strong></li>
<li><strong>Formações Modulares Certificadas;</strong></li>
<li><strong>Capacitação para a Inclusão;</strong></li>
<li><strong>Distribuição, Venda e Aplicação de Produtos Fitofarmacêuticos; </strong></li>
<li><strong>Mecanização agrícola e condução de veículos agrícolas</strong></li>
<li><strong>Medida Cheque-Formação</strong><strong></strong></li>
</ul>
<p><strong></strong></p>
<p><strong></strong></p>
<p><strong></strong></p>
<p><a href="https://www.facebook.com/people/Associa%C3%A7%C3%A3o-Cultural-Desportiva-de-Solidariedade-Vinha-da-Rainha/100054506737482/?hc_ref=ARRggUgM6O8_2JeXjzXGLQyCNcfsPHA2CIg1aKVNds-mg53AC6_QZx8bdPZid5MEiyI&amp;fref=nf&amp;__xts__[0]=68.ARB9GRjerTkElvYDFwjpAcNNcOf-r_FOCFLCUPLNs_21J6EpEnVn4cb3weQHqCeKSF06AKPNKggnSvIm8ZX5ituLywlnbypZZdGElDq1-z3Ro7tHJYB8Y_qSrcNSll-DqWqwAiK5CaKQNLgBF26ri1aGx8Q0MzeFCru2rRB0GtyYCx1dFGy8st--7Z2yhlmF1mCVEgrfkRGNqMGID81r_5GYvT3tpSMJsklNT2Qj8LpV_XA0a6_Z0MErPbsMdN8W-uuaBmKukkDjiu_AGfPI9e8JxA4aGjJ_5WKGxKDmAqKy19jAMy_0O3DM4KcEXy3Bnu2-8TYbe11k92bH1NjRO5eXVRjYT2OAGjyYPyOPdL3GEKjx1Prrv1WV8kgn4uOnTeSxVgHZU8CghvfJDgFTo0k8-YQ"><span style="text-decoration: underline;"><strong>S</strong></span><span style="text-decoration: underline;"><strong>iga-nos no Facebook</strong></span></a></p>
<p>[/et_pb_text][/et_pb_column][/et_pb_row][et_pb_row column_structure=&#8221;1_2,1_2&#8243; _builder_version=&#8221;4.20.4&#8243; _module_preset=&#8221;default&#8221; custom_margin=&#8221;-3px|auto||auto||&#8221; global_colors_info=&#8221;{}&#8221;][et_pb_column type=&#8221;1_2&#8243; _builder_version=&#8221;4.20.4&#8243; _module_preset=&#8221;default&#8221; global_colors_info=&#8221;{}&#8221;][et_pb_image src=&#8221;http://associacaovr.pt/wp-content/uploads/2024/05/DGERT-logo.png&#8221; title_text=&#8221;DGERT logo&#8221; _builder_version=&#8221;4.20.4&#8243; _module_preset=&#8221;default&#8221; custom_padding=&#8221;|300px||||&#8221; global_colors_info=&#8221;{}&#8221;][/et_pb_image][/et_pb_column][et_pb_column type=&#8221;1_2&#8243; _builder_version=&#8221;4.20.4&#8243; _module_preset=&#8221;default&#8221; global_colors_info=&#8221;{}&#8221;][et_pb_image src=&#8221;http://associacaovr.pt/wp-content/uploads/2024/05/DGADR-logo.png&#8221; title_text=&#8221;DGADR &#8211; logo&#8221; _builder_version=&#8221;4.20.4&#8243; _module_preset=&#8221;default&#8221; width=&#8221;100%&#8221; custom_margin=&#8221;|||-391px||&#8221; custom_padding=&#8221;||23px|||&#8221; global_colors_info=&#8221;{}&#8221;][/et_pb_image][/et_pb_column][/et_pb_row][et_pb_row column_structure=&#8221;1_3,1_3,1_3&#8243; _builder_version=&#8221;4.16&#8243; background_size=&#8221;initial&#8221; background_position=&#8221;top_left&#8221; background_repeat=&#8221;repeat&#8221; custom_margin=&#8221;42px|auto||auto||&#8221; global_colors_info=&#8221;{}&#8221;][et_pb_column type=&#8221;1_3&#8243; _builder_version=&#8221;4.16&#8243; custom_padding=&#8221;|||&#8221; global_colors_info=&#8221;{}&#8221; custom_padding__hover=&#8221;|||&#8221;][et_pb_blurb title=&#8221;EFA&#8221; url=&#8221;http://associacaovr.pt/Associa%C3%A7%C3%A3o%20Vinha%20da%20Rainha/index.php/efa/&#8221; image=&#8221;http://associacaovr.pt/wp-content/uploads/2018/06/EFA-2.png&#8221; image_icon_width=&#8221;203%&#8221; content_max_width=&#8221;606px&#8221; _builder_version=&#8221;4.16&#8243; header_text_align=&#8221;center&#8221; image_max_width=&#8221;203%&#8221; global_colors_info=&#8221;{}&#8221;]</p>
<h6 class="documentFirstHeading" style="text-align: center;"><span id="parent-fieldname-title" class="">Cursos de Educação de Adultos</span></h6>
<p class="documentDescription">[/et_pb_blurb][/et_pb_column][et_pb_column type=&#8221;1_3&#8243; _builder_version=&#8221;4.16&#8243; custom_padding=&#8221;|||&#8221; global_colors_info=&#8221;{}&#8221; custom_padding__hover=&#8221;|||&#8221;][et_pb_blurb title=&#8221;Modulares&#8221; url=&#8221;http://associacaovr.pt/Associa%C3%A7%C3%A3o%20Vinha%20da%20Rainha/index.php/modulares/&#8221; image=&#8221;http://associacaovr.pt/wp-content/uploads/2018/07/transferir.jpg&#8221; content_max_width=&#8221;634px&#8221; _builder_version=&#8221;4.16&#8243; header_text_align=&#8221;center&#8221; custom_margin=&#8221;50px|||&#8221; global_colors_info=&#8221;{}&#8221;]</p>
<p style="text-align: center;">Formações Modulares Certificadas</p>
<p>&nbsp;</p>
<p class="documentDescription">[/et_pb_blurb][/et_pb_column][et_pb_column type=&#8221;1_3&#8243; _builder_version=&#8221;4.16&#8243; custom_padding=&#8221;|||&#8221; global_colors_info=&#8221;{}&#8221; custom_padding__hover=&#8221;|||&#8221;][et_pb_blurb title=&#8221;Cheque-Formação&#8221; url=&#8221;http://associacaovr.pt/medida-cheque-formacao/&#8221; url_new_window=&#8221;on&#8221; image=&#8221;http://associacaovr.pt/wp-content/uploads/2019/04/850_400_formacao-de-formadores.jpg&#8221; _builder_version=&#8221;4.16&#8243; text_orientation=&#8221;center&#8221; custom_padding=&#8221;50px|||&#8221; global_colors_info=&#8221;{}&#8221;]</p>
<p style="text-align: center;">Medida Cheque-Formação</p>
<p class="documentDescription">[/et_pb_blurb][/et_pb_column][/et_pb_row][/et_pb_section]</p>

<p>A Associação Cultural Desportiva e de Solidariedade da Freguesia da Vinha da Rainha tem diversas atividades que contribuem diretamente para o desenvolvimento profissional, social e cultural da região envolvente e que respondem às necessidades do contexto local, destacando-se a formação como um eixo da Instituição com um projeto corrente muito sólido. A Formação Profissional da [&hellip;]</p>
